{"id":239,"date":"2025-05-11T22:01:44","date_gmt":"2025-05-11T22:01:44","guid":{"rendered":"https:\/\/www.viajerosporelnilo.es\/?post_type=product&#038;p=239"},"modified":"2026-02-24T03:04:58","modified_gmt":"2026-02-24T03:04:58","slug":"visita-a-los-templos-de-edfu-y-kom-ombo-barco","status":"publish","type":"product","link":"https:\/\/www.viajerosporelnilo.es\/index.php\/producto\/visita-a-los-templos-de-edfu-y-kom-ombo-barco\/","title":{"rendered":"Templos de Edfu y Kom Ombo"},"content":{"rendered":"<p>El Templo de Edfu es uno de los monumentos mejor conservados del antiguo Egipto y un testimonio invaluable de la evoluci\u00f3n religiosa de esta civilizaci\u00f3n. Dedicado a Horus de Behedet, este templo es mucho m\u00e1s que una obra arquitect\u00f3nica impresionante; es un reflejo de c\u00f3mo las creencias egipcias cambiaron con el tiempo, fusionando distintas versiones del dios Horus en una \u00fanica deidad.<\/p>\n<p>El doble templo de Kom Ombo est\u00e1 situado en la orilla oriental del Nilo en el Alto Egipto. Este antiguo complejo de templos egipcios se encuentra a unos 3,5 km al suroeste del centro de Kom Ombo.<\/p>\n<p>Las partes de este imponente edificio a\u00fan visibles hoy datan de la \u00e9poca ptolemaica y romana, \u00a1desde donde se puede contemplar directamente el Nilo! El templo ya se ha visto gravemente afectado por fuerzas de la naturaleza como inundaciones y erosi\u00f3n de la mamposter\u00eda. Este edificio religioso se llama templo doble porque all\u00ed se adoraba a los dos dioses Sobek y Haroeris.<\/p>\n<p>&nbsp;<\/p>\n","protected":false},"excerpt":{"rendered":"<p>En <strong>Viajeros por el Nilo<\/strong> te ofrecemos un recorrido inolvidable por dos de los templos mas emblem\u00e1ticos del Alto Egipto, testigos del esplendor fara\u00f3nico a orillas del rio Nilo. Comenzamos con el<strong> Templo de Edfu<\/strong> para continuar con el fascinante\u00a0 <strong>Templo de Kom Ombo.<\/strong><\/p>\n","protected":false},"featured_media":246,"comment_status":"open","ping_status":"closed","template":"","meta":{"saved_in_kubio":false},"product_brand":[],"product_cat":[23],"product_tag":[],"class_list":{"0":"post-239","1":"product","2":"type-product","3":"status-publish","4":"has-post-thumbnail","6":"product_cat-destinos","8":"first","9":"instock","10":"virtual","11":"taxable","12":"purchasable","13":"product-type-simple"},"_links":{"self":[{"href":"https:\/\/www.viajerosporelnilo.es\/index.php\/wp-json\/wp\/v2\/product\/239","targetHints":{"allow":["GET"]}}],"collection":[{"href":"https:\/\/www.viajerosporelnilo.es\/index.php\/wp-json\/wp\/v2\/product"}],"about":[{"href":"https:\/\/www.viajerosporelnilo.es\/index.php\/wp-json\/wp\/v2\/types\/product"}],"replies":[{"embeddable":true,"href":"https:\/\/www.viajerosporelnilo.es\/index.php\/wp-json\/wp\/v2\/comments?post=239"}],"wp:featuredmedia":[{"embeddable":true,"href":"https:\/\/www.viajerosporelnilo.es\/index.php\/wp-json\/wp\/v2\/media\/246"}],"wp:attachment":[{"href":"https:\/\/www.viajerosporelnilo.es\/index.php\/wp-json\/wp\/v2\/media?parent=239"}],"wp:term":[{"taxonomy":"product_brand","embeddable":true,"href":"https:\/\/www.viajerosporelnilo.es\/index.php\/wp-json\/wp\/v2\/product_brand?post=239"},{"taxonomy":"product_cat","embeddable":true,"href":"https:\/\/www.viajerosporelnilo.es\/index.php\/wp-json\/wp\/v2\/product_cat?post=239"},{"taxonomy":"product_tag","embeddable":true,"href":"https:\/\/www.viajerosporelnilo.es\/index.php\/wp-json\/wp\/v2\/product_tag?post=239"}],"curies":[{"name":"wp","href":"https:\/\/api.w.org\/{rel}","templated":true}]}}