{"id":247,"date":"2025-05-11T22:05:17","date_gmt":"2025-05-11T22:05:17","guid":{"rendered":"https:\/\/www.viajerosporelnilo.es\/?post_type=product&#038;p=247"},"modified":"2026-02-22T00:08:11","modified_gmt":"2026-02-22T00:08:11","slug":"paseo-en-faluca-por-el-nilo","status":"publish","type":"product","link":"https:\/\/www.viajerosporelnilo.es\/index.php\/producto\/paseo-en-faluca-por-el-nilo\/","title":{"rendered":"Paseo en Faluca por el Nilo"},"content":{"rendered":"<p>Ahorre tiempo y molestias en Asu\u00e1n reservando con antelaci\u00f3n su viaje en velero \u00abFaluca\u00bb por el r\u00edo Nilo. Inst\u00e1lese en un barco tradicional de vela blanca con patr\u00f3n y navegue alrededor de la isla Elefantina hasta el Jard\u00edn Bot\u00e1nico de Asu\u00e1n en la isla Kitchener. Disfrute del paisaje y los sonidos del agua y desembarque para pasear por los ex\u00f3ticos jardines, plantados por Lord Kitchener en 1899. Los traslados al hotel o al crucero por el Nilo hacen que todo sea m\u00e1s conveniente.<\/p>\n<p>&nbsp;<\/p>\n","protected":false},"excerpt":{"rendered":"<p>&nbsp;<\/p>\n<p>En <strong>Viajeros por el Nilo<\/strong> te invitamos a vivir una experiencia autentica navegando en faluca, la embarcaci\u00f3n tradicional egipcia.Disfruta de un recorrido tranquilo por el legendario rio Nilo, admirando paisajes \u00fanicos en lugares cono Luxor y Asu\u00e1n.<\/p>\n<p>Rel\u00e1jate, siente la brisa y contempla un atardecer inolvidable mientras descubres la esencia m\u00e1s pura de Egipto.<\/p>\n","protected":false},"featured_media":249,"comment_status":"open","ping_status":"closed","template":"","meta":{"saved_in_kubio":false},"product_brand":[],"product_cat":[23],"product_tag":[],"class_list":{"0":"post-247","1":"product","2":"type-product","3":"status-publish","4":"has-post-thumbnail","6":"product_cat-destinos","8":"first","9":"instock","10":"virtual","11":"taxable","12":"purchasable","13":"product-type-simple"},"_links":{"self":[{"href":"https:\/\/www.viajerosporelnilo.es\/index.php\/wp-json\/wp\/v2\/product\/247","targetHints":{"allow":["GET"]}}],"collection":[{"href":"https:\/\/www.viajerosporelnilo.es\/index.php\/wp-json\/wp\/v2\/product"}],"about":[{"href":"https:\/\/www.viajerosporelnilo.es\/index.php\/wp-json\/wp\/v2\/types\/product"}],"replies":[{"embeddable":true,"href":"https:\/\/www.viajerosporelnilo.es\/index.php\/wp-json\/wp\/v2\/comments?post=247"}],"wp:featuredmedia":[{"embeddable":true,"href":"https:\/\/www.viajerosporelnilo.es\/index.php\/wp-json\/wp\/v2\/media\/249"}],"wp:attachment":[{"href":"https:\/\/www.viajerosporelnilo.es\/index.php\/wp-json\/wp\/v2\/media?parent=247"}],"wp:term":[{"taxonomy":"product_brand","embeddable":true,"href":"https:\/\/www.viajerosporelnilo.es\/index.php\/wp-json\/wp\/v2\/product_brand?post=247"},{"taxonomy":"product_cat","embeddable":true,"href":"https:\/\/www.viajerosporelnilo.es\/index.php\/wp-json\/wp\/v2\/product_cat?post=247"},{"taxonomy":"product_tag","embeddable":true,"href":"https:\/\/www.viajerosporelnilo.es\/index.php\/wp-json\/wp\/v2\/product_tag?post=247"}],"curies":[{"name":"wp","href":"https:\/\/api.w.org\/{rel}","templated":true}]}}