{"id":377,"date":"2025-05-28T02:06:28","date_gmt":"2025-05-28T02:06:28","guid":{"rendered":"https:\/\/www.viajerosporelnilo.es\/?post_type=product&#038;p=377"},"modified":"2026-02-22T00:07:26","modified_gmt":"2026-02-22T00:07:26","slug":"visita-en-alejandria","status":"publish","type":"product","link":"https:\/\/www.viajerosporelnilo.es\/index.php\/producto\/visita-en-alejandria\/","title":{"rendered":"Visita en Alejandr\u00eda"},"content":{"rendered":"<p><strong>Hacer turismo en Alejandr\u00eda<\/strong><strong>\u00a0es diferente porque la ciudad poco tiene que ver con el resto de destinos de Egipto<\/strong>. Su ubicaci\u00f3n, su historia, su clima e incluso su ambiente y vida social son muy distintos. Y\u00a0<strong>digamos que es un lugar que gustar\u00e1 a quienes viajan con un ojo en lo que se ve y otro en lo que no<\/strong>, pues la que fuera capital del Antiguo Egipto en \u00e9poca ptolemaica vive en buena medida de las evocaciones a su pasado. Algo ideal para la inspiraci\u00f3n de grandes literatos,\u00a0 como as\u00ed ocurri\u00f3 y como as\u00ed veremos.<\/p>\n<p>Cuando contratas la visita a Alejandr\u00eda, en <strong>Viajeros por el Nilo<\/strong> te llevamos a conocer los siguientes lugares: Catacumbas de Alejandr\u00eda, teatro romano, biblioteca, Ciudadela Qaitbay.<\/p>\n<p>Tras vencer a los persas, <strong>Alejandro Magno<\/strong> entr\u00f3 en Egipto y fue aclamado como fara\u00f3n por el pueblo. El conquistador macedonio encontr\u00f3 en el delta del Nilo el emplazamiento ideal para la capital de su imperio, fundando <strong>Alejandr\u00eda<\/strong> en el a\u00f1o 331 a.C.<\/p>\n<p>Con la llegada de la dinast\u00eda de los Ptolomeos, la ciudad inaugura su etapa monumental con construcciones como el m\u00edtico <strong>Faro de Alejandr\u00eda<\/strong>, una de las siete maravillas del mundo antiguo, o la\u00a0<strong>Biblioteca de Alejandr\u00eda<\/strong>, un lugar que naci\u00f3 con la pretensi\u00f3n de albergar todo el saber humano, pero que ardi\u00f3 en la \u00e9poca de\u00a0Julio C\u00e9sar.<\/p>\n<p>Tras la ca\u00edda de Cleopatra y la anexi\u00f3n de Egipto al Imperio romano, la Perla del Mediterr\u00e1neo perdi\u00f3 popularidad a favor de Roma. En el a\u00f1o 365 sufri\u00f3 un terrible terremoto en el que m\u00e1s del 20% de la ciudad se hundi\u00f3 en el mar.<\/p>\n<p>&nbsp;<\/p>\n","protected":false},"excerpt":{"rendered":"<h2><strong>Alejandr\u00eda Esencial: Catacumbas, Biblioteca y Ciudadela Qaitbay<\/strong>.<\/h2>\n<div class=\"flex flex-col text-sm pb-25\">\n<article class=\"text-token-text-primary w-full focus:outline-none [--shadow-height:45px] has-data-writing-block:pointer-events-none has-data-writing-block:-mt-(--shadow-height) has-data-writing-block:pt-(--shadow-height) [&amp;:has([data-writing-block])&gt;*]:pointer-events-auto scroll-mt-[calc(var(--header-height)+min(200px,max(70px,20svh)))]\" dir=\"auto\" tabindex=\"-1\" data-turn-id=\"request-WEB:203f2f85-4f1d-4ce8-9a6d-467a99e6372d-3\" data-testid=\"conversation-turn-8\" data-scroll-anchor=\"true\" data-turn=\"assistant\">\n<div class=\"text-base my-auto mx-auto pb-10 [--thread-content-margin:--spacing(4)] @w-sm\/main:[--thread-content-margin:--spacing(6)] @w-lg\/main:[--thread-content-margin:--spacing(16)] px-(--thread-content-margin)\">\n<div class=\"[--thread-content-max-width:40rem] @w-lg\/main:[--thread-content-max-width:48rem] mx-auto max-w-(--thread-content-max-width) flex-1 group\/turn-messages focus-visible:outline-hidden relative flex w-full min-w-0 flex-col agent-turn\" tabindex=\"-1\">\n<div class=\"flex max-w-full flex-col grow\">\n<div class=\"min-h-8 text-message relative flex w-full flex-col items-end gap-2 text-start break-words whitespace-normal [.text-message+&amp;]:mt-1\" dir=\"auto\" data-message-author-role=\"assistant\" data-message-id=\"e4c358df-d44c-4a46-8fa8-49c182394193\" data-message-model-slug=\"gpt-5-2\">\n<div class=\"flex w-full flex-col gap-1 empty:hidden first:pt-[1px]\">\n<div class=\"markdown prose dark:prose-invert w-full wrap-break-word dark markdown-new-styling\">\n<p data-start=\"46\" data-end=\"373\">En <strong data-start=\"49\" data-end=\"73\">Viajeros por el Nilo<\/strong> te llevamos a descubrir la fascinante ciudad de <span class=\"hover:entity-accent entity-underline inline cursor-pointer align-baseline\"><span class=\"whitespace-normal\">Alejandr\u00eda<\/span><\/span>, donde la historia y el mar se encuentran. Recorre la emblem\u00e1tica <span class=\"hover:entity-accent entity-underline inline cursor-pointer align-baseline\"><span class=\"whitespace-normal\">Bibliotheca Alexandrina<\/span><\/span>, pasea por la Corniche frente al Mediterr\u00e1neo y explora la imponente <span class=\"hover:entity-accent entity-underline inline cursor-pointer align-baseline\"><span class=\"whitespace-normal\">Ciudadela de Qaitbay<\/span><\/span>.<\/p>\n<p data-start=\"375\" data-end=\"457\" data-is-last-node=\"\" data-is-only-node=\"\">Una escapada imprescindible para conocer el lado m\u00e1s cultural y costero de Egipto.<\/p>\n<\/div>\n<\/div>\n<\/div>\n<\/div>\n<div class=\"z-0 flex min-h-[46px] justify-start\"><\/div>\n<\/div>\n<\/div>\n<\/article>\n<\/div>\n<div class=\"pointer-events-none h-px w-px absolute bottom-0\" aria-hidden=\"true\" data-edge=\"true\"><\/div>\n","protected":false},"featured_media":378,"comment_status":"open","ping_status":"closed","template":"","meta":{"saved_in_kubio":false},"product_brand":[],"product_cat":[23],"product_tag":[],"class_list":{"0":"post-377","1":"product","2":"type-product","3":"status-publish","4":"has-post-thumbnail","6":"product_cat-destinos","8":"first","9":"instock","10":"virtual","11":"product-type-simple"},"_links":{"self":[{"href":"https:\/\/www.viajerosporelnilo.es\/index.php\/wp-json\/wp\/v2\/product\/377","targetHints":{"allow":["GET"]}}],"collection":[{"href":"https:\/\/www.viajerosporelnilo.es\/index.php\/wp-json\/wp\/v2\/product"}],"about":[{"href":"https:\/\/www.viajerosporelnilo.es\/index.php\/wp-json\/wp\/v2\/types\/product"}],"replies":[{"embeddable":true,"href":"https:\/\/www.viajerosporelnilo.es\/index.php\/wp-json\/wp\/v2\/comments?post=377"}],"wp:featuredmedia":[{"embeddable":true,"href":"https:\/\/www.viajerosporelnilo.es\/index.php\/wp-json\/wp\/v2\/media\/378"}],"wp:attachment":[{"href":"https:\/\/www.viajerosporelnilo.es\/index.php\/wp-json\/wp\/v2\/media?parent=377"}],"wp:term":[{"taxonomy":"product_brand","embeddable":true,"href":"https:\/\/www.viajerosporelnilo.es\/index.php\/wp-json\/wp\/v2\/product_brand?post=377"},{"taxonomy":"product_cat","embeddable":true,"href":"https:\/\/www.viajerosporelnilo.es\/index.php\/wp-json\/wp\/v2\/product_cat?post=377"},{"taxonomy":"product_tag","embeddable":true,"href":"https:\/\/www.viajerosporelnilo.es\/index.php\/wp-json\/wp\/v2\/product_tag?post=377"}],"curies":[{"name":"wp","href":"https:\/\/api.w.org\/{rel}","templated":true}]}}